emainder when 75 is divided by j.
3
Let t be 140/35*(-1 - (-3)/2). Suppose 9*j + t*j - 33 = 0. Calculate the remainder when 45 is divided by j.
0
Let k(o) = -o**2 + 77. Suppose 1448*f - 1442*f + 4*a - 172 = 0, -40 = -2*f + 3*a. What is the remainder when k(0) is divided by f?
25
Suppose 0*s - 5*s = -4*n - 286, -2*n - 56 = -s. What is the remainder when s is divided by 17?
7
Suppose 5*q - 9 = 56. Let n(k) = -7*k - 189. Calculate the remainder when n(-36) is divided by q.
11
Suppose k = -u + 23 + 7, -u - 125 = -4*k. Suppose 0*m = -2*m + 44. Let x = k - m. What is the remainder when 15 is divided by x?
6
Let l = 460 - 452. Calculate the remainder when 230 is divided by l.
6
Suppose 0 = s - 47 - 46. Let z = 154 - s. Let r(t) = -t**3 - 5*t**2 + 3*t + 3. What is the remainder when z is divided by r(-6)?
19
Suppose w + 2*o = 78, w + o - 4*o - 68 = 0. What is the remainder when 294 is divided by w?
72
Suppose 5*d - 17 = 8. Suppose d*p = -4*o + 157, 0*o = 4*p + 3*o - 125. Calculate the remainder when 114 is divided by p.
27
Let i = -313 + 328. What is the remainder when i is divided by 8?
7
Let s(t) = 5*t - 3. Let w be 84/15 - 2/(-5). What is the remainder when s(w) is divided by 7?
6
Let a = -17 + 20. Suppose 6 = -2*b, a*b + 87 = -3*k + 4*k. Suppose y - k = j, -5 = 3*y - 5*j - 231. What is the remainder when y is divided by 14?
12
Suppose 5*t - 38 - 92 = 0. Let p = 69 - 31. Let f = p - t. What is the remainder when 35 is divided by f?
11
Let f(n) = n**3 - 6*n**2 + 5*n - 22. Calculate the remainder when 14 is divided by f(6).
6
Let s(n) = -n**3 - 6*n**2 - 2*n - 7. Let l be s(-6). Suppose -36 = -11*d + l*d. Suppose 2*y - 92 = -2*y. Calculate the remainder when y is divided by d.
5
Let k(q) = -q**3 + 22*q**2 - 105*q + 4. What is the remainder when 13 is divided by k(15)?
1
Let k(d) be the first derivative of 2*d**2 - 20*d + 1. Calculate the remainder when 39 is divided by k(10).
19
Calculate the remainder when (-1281)/(-4) - 330/(-440) is divided by 54.
51
What is the remainder when 454/2043 + 5326/9 is divided by 99?
97
Suppose -19*f = -6245 + 2407. Calculate the remainder when f is divided by 11.
4
Let t(p) = -p**3 - 13*p**2 + 15*p + 17. Let v be t(-14). Suppose -i + 134 = 5*s, 89 = 3*s + v*i - 1. What is the remainder when 102 is divided by s?
24
Suppose -4*p - 184 = 4*d, 2*d - 22 - 90 = 2*p. Let f be (-1)/(-1) - (-140)/2. Let a = f + p. Calculate the remainder when 58 is divided by a.
18
Suppose -l + 0*l + 40 = 0. Suppose -6*h = -3*h - 63. Let s = l - h. What is the remainder when s is divided by 11?
8
Suppose 0 = 6*g - 4*g - 398. Let c(o) = 24*o**2 + 18*o + 19. What is the remainder when g is divided by c(-1)?
24
Suppose 2*u - 2*p + 7 = -7*p, 0 = -2*u + p + 11. Let a be -4*(u - 103/4). Let h = a + -51. Calculate the remainder when 69 is divided by h.
33
Suppose i + 5*u + 2 = -17, -i = 4*u + 14. Suppose -i*s - 48 = -9*s. Calculate the remainder when s is divided by 9.
7
Let b = -94 - 2. Let d = -92 - b. Let k = 1 - 0. What is the remainder when d is divided by k?
0
What is the remainder when 125 is divided by 31 + 3*(-1)/12*-4?
29
Let c = 100 - -21. Calculate the remainder when c is divided by 42.
37
Calculate the remainder when 488/9 - 46/207 is divided by 14.
12
Let u(y) = -4*y**3 - 5*y**2 - 4*y + 1. Let j = -933 - -959. Calculate the remainder when u(-3) is divided by j.
24
Let k = -21 - -19. Let j be k/(-4)*(-84 - -6). Let f = -22 - j. What is the remainder when f is divided by 5?
2
Let m = 208 - 206. What is the remainder when 62 is divided by m?
0
Let h(d) = -d**3 + 4*d**2 + 2*d - 6. Let c be h(4). Suppose -y = -2*a + 126, c*a - 7*y - 130 = -4*y. What is the remainder when 243 is divided by a?
57
Suppose 28*j = -15*j + 344. Calculate the remainder when 0 - -1*26 - 0 is divided by j.
2
Suppose 2*a + 14 = 50. What is the remainder when 53 is divided by (a/(-5))/(4/20*-1)?
17
Suppose 2*z = -3*z + 85. Let k = -62 + 71. Suppose k*h + 20 = 452. Calculate the remainder when h is divided by z.
14
Let f be ((-6)/(-12))/(1/(-52)). Let h = f - -38. Let s(g) = -15*g + 112. What is the remainder when h is divided by s(7)?
5
Suppose 5*a = 4*a - 15. Let n = a + 26. Let d = 23 - 16. What is the remainder when n is divided by d?
4
Let l(y) = 5*y**2 + 7*y + 9. Suppose -8 = -r + 5*c + 30, 0 = -3*r + 5*c + 64. Calculate the remainder when l(-4) is divided by r.
9
What is the remainder when (-10 + 6 - -25)*1028/6 is divided by 18?
16
Suppose 3*c - 28 = -c. Let z(i) = -4*i**2 + 4*i - 4. Let a be z(3). Let v = a - -46. Calculate the remainder when v is divided by c.
4
Suppose -a - 8*p - 24 = -9*p, 2*p + 62 = -3*a. Let s = a + 44. Calculate the remainder when s is divided by 6.
4
Suppose -2*n - 19 = -5*a + 6, 3*n = 2*a - 21. Suppose -5*q = -3*j + 5, 2*q + 1 = 3*q - j. What is the remainder when (a - 236/q) + -3 is divided by 15?
14
Let k = -482 + 509. What is the remainder when 158 is divided by k?
23
Let g be 2/(-6)*0*1. Suppose -s - 65 - 59 = g. Let m = s - -242. What is the remainder when m is divided by 30?
28
Let k(h) be the third derivative of h**6/120 - h**5/30 - h**4/4 + h**3 - h**2. Suppose -4*w = -2*w - 8. What is the remainder when 25 is divided by k(w)?
11
Suppose -17*f = -13*f - 12. Suppose -8 = -4*x + 4, 0 = 3*i - 4*x - f. What is the remainder when 49 is divided by i?
4
Let z be ((-48)/(-20))/(2/20). Suppose -24 = -4*c + z. What is the remainder when 23 is divided by c?
11
Suppose b + 5*t - 14 = 0, -1 = -5*t - 16. Calculate the remainder when b is divided by -8*(-3 - -1)*1.
13
Let y(z) = 23*z**2 + z + 1. Let a be y(-1). Suppose -3*p = -a - 4. What is the remainder when 26 is divided by p?
8
Let n = -33 + 48. What is the remainder when (-4)/5 - (6 - (-10989)/(-55)) is divided by n?
13
Let z be ((-24)/(-18))/(4/9). Suppose -z*c = 3 - 57. What is the remainder when 50 is divided by c?
14
Suppose -62 = 30*q - 28*q. Let k = q + 37. What is the remainder when 17 is divided by k?
5
Suppose 15*j + 1802 = 32*j. Calculate the remainder when j is divided by 41.
24
Let r = 1842 + -1072. Calculate the remainder when r is divided by 37.
30
Suppose 9108 = 9*l + 13*l. Calculate the remainder when l is divided by 5.
4
Let m(a) be the second derivative of -8*a**3/3 + 3*a**2/2 - 8*a. Calculate the remainder when m(-3) is divided by 27.
24
Let u(s) = -s**2 - 13*s - 8. Let l be u(-10). Let o(v) = -v + 15 - 8*v - 14*v**2 + l*v + v**3. What is the remainder when 29 is divided by o(13)?
14
What is the remainder when 1008/6*(18/12)/3 is divided by 23?
15
Suppose 70*w = 68*w + 2. Suppose 6*a - a + 5*s = -10, -s = -5. Let q = -6 - a. What is the remainder when q is divided by w?
0
Suppose 7*r - 206 = 39. What is the remainder when 171 is divided by r?
31
Calculate the remainder when 3*(-2)/(6/(-63)) is divided by (37 + -35)/((-1)/(-8)).
15
Suppose 0 = -11*m + 33 - 0. Calculate the remainder when 61 is divided by m.
1
Let y = -54 + 56. Suppose 78 + 311 = y*m - 3*p, 5*m = 5*p + 975. Calculate the remainder when m is divided by 33.
31
Suppose 141 = -2*j - 155. Let i be 8/(-20) - j/20. Suppose -t + 20 = i. What is the remainder when t is divided by 5?
3
Let j(p) = -p - 3. Let w be j(-3). Let r(s) = s**2 - s + 14. Let x be r(w). Suppose -x*f + 12*f = -194. Calculate the remainder when f is divided by 33.
31
What is the remainder when 1675 is divided by 2/(((-72)/(-438))/6)?
69
Calculate the remainder when (-2)/(-8) - 222/(-8) is divided by -4 + (2 + 1)*4.
4
Let d(f) = f + 8. Let a = -8 + 11. What is the remainder when 20 is divided by d(a)?
9
Let c(n) = -n**2 + 13. Let o(p) = -p**2 + 12. Let v(h) = 2*c(h) - 3*o(h). Let t = -309 + 304. What is the remainder when v(t) is divided by 9?
6
Let i(b) = -47*b + 59. What is the remainder when i(-3) is divided by 42?
32
Let s = -21 + 9. Let a(d) = -d**3 - 13*d**2 - 9*d + 11. Let i be a(s). Let g = 82 + i. What is the remainder when g is divided by 15?
12
Let r(g) = -g**3 - 8*g**2 - 7*g + 3. Let b be r(-7). Suppose d = b*d - 6. Suppose d*z = 15 + 51. Calculate the remainder when z is divided by 6.
4
Let w = -134 - -230. Suppose 189 = -5*r + 314. Calculate the remainder when w is divided by r.
21
Let m(q) = 7*q**2 - 2*q - 37. Calculate the remainder when m(4) is divided by 3.
1
Let l = -2573 + 2662. What is the remainder when l is divided by